 -2*y - 4182, 3*v - 5*v + 3*y + 2097 = 0. What are the prime factors of 5/(20/v) - (0 + -3)?
2, 3, 11
Let s be 2/(-2 - 0) - -18. Let k be (-2155)/(-55) - 2/11. Let v = k - s. What are the prime factors of v?
2, 11
Let r be (-4)/(48/9)*12. Let h = r - -14. Suppose -61 = -5*v - 5*p + 29, -v + h*p = -6. What are the prime factors of v?
2
Suppose -17 = -5*x + 4*c, x = 2*c - 0 + 1. Suppose x*o - 741 = 2*z, 2*o - 2*z = -0*o + 294. List the prime factors of o.
149
Suppose 0 = 6*k - 4*k - 258. Suppose 2*b = -f + 118, -2*b - 3*f + k - 3 = 0. What are the prime factors of b?
3, 19
Suppose -2*n = 3*r + n - 3618, 0 = 3*r - 3*n - 3600. List the prime factors of r.
3, 401
Let t = 16 - 12. Suppose -2*m = -4, 0 = -3*a - t*m + m - 6. List the prime factors of (0 - (-17)/a)*-8.
2, 17
Suppose -5*h + 2705 = -3*k, -5*h - 4*k + 1479 + 1191 = 0. List the prime factors of h.
2, 269
Let n be -7 + 5 - ((-2)/(-1) + 0). List the prime factors of n/(-10)*-1 - (-472)/5.
2, 47
Let l(y) = y**2 + 7*y - 4. Let g be l(-6). Let f(w) be the third derivative of -w**4/6 + w**3/6 + w**2. List the prime factors of f(g).
41
Let k = -90 - -119. List the prime factors of k.
29
Let u = 40 - 37. Suppose -7*k + u*k = -200. What are the prime factors of k?
2, 5
Suppose -2*t + 1113 = -37*z + 40*z, 3*t - 1671 = -3*z. What are the prime factors of t?
2, 3, 31
Suppose -y - 144 = -5*y. Let o = 45 - y. What are the prime factors of o?
3
Let n(j) = 35*j - 35. Let q be n(7). Suppose -c - q = -6*c. List the prime factors of c.
2, 3, 7
Let d(j) = j**2 + 8*j - 12. Let c be d(-9). Let u(v) = v + 1. Let m be u(-2). What are the prime factors of (-3 - -47) + c/m?
47
Let n(o) = o - 15. Let w be n(7). Let y be 1080/25 + w/(-10). Suppose 4*q = 6*q - y. What are the prime factors of q?
2, 11
Suppose -5 = r - 3*k, 3*k = -3*r + 12 + 21. Let v(d) = -3*d**2 + 9*d + 9. Let o be v(r). What are the prime factors of (6 + o)*2/(-6)?
23
Let w = -2760 - -4279. What are the prime factors of w?
7, 31
Suppose -2*y + 14 = 2*g + g, -2*y - 4*g = -16. Let c be 1 + (2 - y) - -56. Let f = -36 + c. What are the prime factors of f?
19
Suppose -3*l + 222 = -0*l. Suppose 18*f + l = 20*f. What are the prime factors of f?
37
Let r(c) = 20*c - 11. Let x be r(5). Suppose 2*i + 11 - x = 0. What are the prime factors of i?
3, 13
Suppose -2*t + t = 36. Let b be 1/(-3)*114/2. Let y = b - t. List the prime factors of y.
17
Let y be 1 + -1*(2 - 7). Suppose 0*f - 500 = -4*f - 2*d, -3*f + 3*d = -393. Suppose -y*k + f = -101. List the prime factors of k.
2, 19
Let w be 2 + 449 + -8 + 13. Let z = -278 + w. What are the prime factors of z?
2, 89
Let f(b) = -9*b + 32 + 20*b - 1. List the prime factors of f(13).
2, 3, 29
Suppose r = -o - 4 - 0, 0 = -o + 3*r - 8. List the prime factors of (o - -1) + 10/1.
2, 3
Let j(p) = 4*p**2 - 11*p - 13. Suppose 53*w - 55*w + 20 = 0. What are the prime factors of j(w)?
277
Let r(t) = -16*t**3 + 5*t**2 + 12*t + 8. List the prime factors of r(-3).
449
Suppose -5*w - 16 = t, -w = -4*t - 8 + 28. Let m be -13 - (t - (0 - -3)). Let j = -4 - m. List the prime factors of j.
2, 5
Let o(q) = -q**3 - 10*q**2 - 9*q + 6. Let t be o(-9). What are the prime factors of t/(-5)*195/(-6)?
3, 13
Let w = 8 - -45. Let l = w - 12. What are the prime factors of l?
41
Let f(t) = 6 + 0 - t**2 + 2*t - 8*t - 2. Let b be f(-6). Suppose -5*z = -b*z - 10. What are the prime factors of z?
2, 5
Let p be (0 + 2)*(-6)/(-4). Suppose 238 - 71 = p*v + 5*c, -3*v - 2*c + 155 = 0. Let u = v + -12. What are the prime factors of u?
37
Let g be -1 + 2 - (153 + 1). Let b = -65 - g. List the prime factors of b.
2, 11
Let z = 11081 - 7544. What are the prime factors of z?
3, 131
Let b(r) = r**3 + 4*r**2 - 5*r + 3. Let g be b(-5). Suppose u - g - 1 = 0. Suppose 0 = y + u*y - 15. What are the prime factors of y?
3
Let v be 2 - 3 - (-292 + 1). Let a = -306 - v. List the prime factors of 4/(-22) + a/(-11).
2, 3
Let a be (0 - 1) + -5 + 9. Suppose -u - a*u = -280. What are the prime factors of u?
2, 5, 7
Let z(n) = n - 7. Let p be z(9). Suppose 0 = 4*v - p*k + 41 - 443, v - k - 102 = 0. What are the prime factors of v?
3, 11
List the prime factors of 11 - -3 - 7 - -1251.
2, 17, 37
Let d = 132 + 134. Suppose -2 + d = 8*i. List the prime factors of i.
3, 11
Let v(s) = 8*s**2 - 3*s - 16. Let d(q) = -17*q**2 + 7*q + 31. Let n(j) = 6*d(j) + 13*v(j). List the prime factors of n(-9).
113
Let n(a) be the first derivative of a**4/6 - 5*a**3/6 - a**2 - 2. Let u(b) be the second derivative of n(b). List the prime factors of u(7).
23
Suppose -4*l = -9*l + 10. Let k be (1 + (2 - l))*3. Suppose k*o = 12 + 33. List the prime factors of o.
3, 5
Let f(s) = s**3 + 9*s**2 + 6*s + 9. Let x be f(-8). Let g be (-3)/(-5) + (-165)/x. What are the prime factors of 2/g*(-38 - 1)?
13
Let f = 13 - 12. What are the prime factors of -6 - -5 - (-8 + f - 2)?
2
Suppose 2*k - 1 - 3 = 0. Let u be k + (-2 - -3) + 2. Suppose 0 = u*w - 2*w - 75. What are the prime factors of w?
5
Let u be ((-36)/150*-20)/(2/(-10)). List the prime factors of ((-2)/6*4)/(u/2124).
2, 59
Let h = 23 - 20. Let y(w) = 14 - h*w + 10*w**2 + w**3 - 8*w - w + 10*w. List the prime factors of y(-10).
2, 17
Suppose -10 - 22 = 3*i + h, 3*i + 2 = 5*h. What are the prime factors of 92/3 - 3/i?
31
Let a be (40/24)/((-3)/(-9)). Suppose 5*z + 1335 = a*u, -308 = -u + 3*z - 49. What are the prime factors of u?
271
Let f(u) = -u**3 + 41*u**2 - 31*u + 31. List the prime factors of f(40).
17, 23
Let f = 55 - 31. Suppose 0 = 3*b + b - 3*s - 46, 18 = 2*b + s. Suppose x = 3*c + f, -c = c + b. List the prime factors of x.
3
Let m(y) = -y - 10. Let c be m(-5). Let x(l) = l**3 + 5*l**2 - 11*l - 3. What are the prime factors of x(c)?
2, 13
What are the prime factors of (0 + 1604)*(38 - 37)?
2, 401
Suppose 3*i = -n, -2*n = -0*i - 4*i. Suppose i = -3*a - 5*c - 17, 0*a + 2*c + 7 = -a. Let g(u) = 17*u + 2. What are the prime factors of g(a)?
19
Let r(x) = -2*x**3 - 3*x**2. Let f be r(-2). Let j be 46 - (-3 - -7)/f. Suppose -d - 4*d = -j. List the prime factors of d.
3
Let t(m) = -m + 30. Let s be (-1 - 292/16) + 1/4. What are the prime factors of t(s)?
7
Let h = -120 - -574. What are the prime factors of h?
2, 227
Let c(s) = -s**3 - 45*s**2 - 172*s + 89. List the prime factors of c(-41).
3, 139
Let b(f) = f**3 + 9*f**2 + 9*f - 1. Let h be b(-8). Let l = -3 - h. List the prime factors of (-8)/(-12) + 212/l.
2, 3
Suppose 3*s - 11*s + 3936 = 0. What are the prime factors of s?
2, 3, 41
Let p(l) = l**3 + 4*l**2 - 3*l - 2. Let k be p(-4). Suppose -188 = -k*r + 8*r. What are the prime factors of r?
2, 47
Suppose 4 = -i - 2*g + 5*g, -3*i + 2*g = 12. Let h(l) = l**2 + 2*l - 4. Let m be h(i). Suppose 68 = 3*y + 2*f, 7*y = m*y + f + 83. List the prime factors of y.
2, 13
What are the prime factors of 15994/12 + 15/(-18)?
2, 3, 37
Let c(n) = n**2 - 16*n + 4. Let k be c(16). Suppose -t + k*a + 191 = a, 5*t - 999 = 4*a. What are the prime factors of t?
7, 29
List the prime factors of (-10)/12 + 12 + (-30522)/(-36).
859
Let o(r) = 8*r + 17. Let c be o(5). Suppose c = -g + 2*g. What are the prime factors of g?
3, 19
Let c be (-8)/(-20) + 2333/5. Suppose 3*j + 38 = c. What are the prime factors of j?
11, 13
Let a = -22 - -26. Suppose 0 = 3*p - 40 + a. List the prime factors of p.
2, 3
Let h(y) be the first derivative of -5*y**2 - 7*y + 14. What are the prime factors of h(-3)?
23
Suppose -q - 4*q - 5 = 5*n, -7 = 4*n + 3*q. List the prime factors of (8/12)/(n/(-138)).
23
Let f(m) be the second derivative of m**7/840 - m**6/180 - m**5/40 + m**4/2 + 12*m. Let o(x) be the third derivative of f(x). List the prime factors of o(-4).
61
Let r(n) = -n + 3. Let t be r(-2). Suppose -5*q + t = -5*f, -3*q = -2*f - 2*f. Suppose f*y - 40 = 14. What are the prime factors of y?
2, 3
Suppose -263*p + 255*p + 16616 = 0. List the prime factors of p.
31, 67
Suppose -5*v + 2727 = 4*v. List the prime factors of v.
3, 101
Let i(r) = -200*r - 365. List the prime factors of i(-11).
5, 367
Let a(q) = -17*q**3 - 5*q**2 - 20*q + 29. List the prime factors of a(-6).
11, 331
Suppose -4*n = -t - 2321 - 11213, -3*t = -6. List the prime factors of n.
2, 3, 47
Suppose 78 - 49 = 3*l + 5*h, -4*l + 62 = -5*h. What are the prime factors of l?
13
Suppose x = 6*x - 5*g - 8245, -6600 = -4*x + 5*g. What are 